) = -3180*a + 12698. Determine j(4).
-22
Let v(t) = -t**2 - 615*t - 26223. Give v(-46).
-49
Let d(q) = -58*q - 8830. Calculate d(-163).
624
Let r(k) = 79*k**2 - 937*k - 141. Give r(12).
-9
Let y(g) = g**3 - 64*g**2 + 301*g - 24757. What is y(65)?
-967
Let d(u) = 1093701*u + 4374810. Give d(-4).
6
Let p(x) = -2*x**3 + 11*x**2 - 166*x + 630. What is p(4)?
14
Let z(o) = -64*o**2 + 1319*o - 1959. Give z(19).
-2
Let h(i) = -i**2 + 3290*i - 161997. Calculate h(50).
3
Let r(n) = 35*n**2 + 2136*n + 57. Give r(-61).
-4
Let f(w) = 331*w + 2646. Calculate f(-8).
-2
Let o(a) = -10490*a + 136502. Determine o(13).
132
Let c(f) = 42*f**3 + 382*f**2 + 487*f + 103. Give c(-1).
-44
Let p(o) = o**3 + 95*o**2 - 244*o - 107. Calculate p(3).
43
Let k(n) = n**3 + 277*n**2 - 3770*n + 27. Give k(13).
27
Let s(b) = -16*b - 643. Give s(-41).
13
Let f(n) = 23*n - 3593. Determine f(165).
202
Let b(s) = s**3 - 39*s**2 - 48*s + 1815. Calculate b(39).
-57
Let f(g) = -7*g**2 - 37*g - 840. Give f(-15).
-1860
Let o(h) = -h**3 - 471*h**2 - 7510*h - 104643. Determine o(-455).
7
Let c(z) = 479*z - 6202. What is c(15)?
983
Let l(w) = -33875*w + 13143522. Calculate l(388).
22
Let d(f) = 2*f**2 - 35578*f - 249142. Calculate d(-7).
2
Let w(j) = 9805*j + 129630. Calculate w(-13).
2165
Let k(w) = 78*w**2 + 149*w - 1464. Calculate k(8).
4720
Let b(y) = 43491*y - 347930. Determine b(8).
-2
Let g(z) = -448*z - 2519. Calculate g(-7).
617
Let y(s) = -11*s**2 + 1726*s + 6888. Determine y(-4).
-192
Let n(t) = -9*t**2 - 366*t + 3179. Determine n(-48).
11
Let d(g) = -9*g**2 - 92*g - 76. Determine d(-1).
7
Let o(k) = -70*k**2 - 44*k + 34. What is o(2)?
-334
Let m(h) = h**3 + 45*h**2 + 501*h + 403. Calculate m(-28).
-297
Let y(u) = 15170*u + 13440624. Determine y(-886).
4
Let k(v) = 3078*v - 83030. Give k(27).
76
Let u(b) = 10747*b - 225689. Give u(21).
-2
Let g(j) = 50988*j + 8. Determine g(0).
8
Let l(a) = 4*a**3 - 1157*a**2 + 658*a - 106615. Give l(289).
26
Let r(k) = -11405*k - 2121348. Determine r(-186).
-18
Let n(c) = -c**3 + 90*c**2 - 951*c + 244. Calculate n(78).
-926
Let j(t) = t**3 + 162*t**2 + 2*t - 3013. Calculate j(-162).
-3337
Let i(k) = 439*k + 7908. What is i(-20)?
-872
Let i(m) = m**2 - 71*m + 1235. Give i(15).
395
Let m(v) = -v**3 + 2111*v**2 - 517322*v - 3650. Calculate m(1828).
6
Let w(j) = 2992*j + 125363. Calculate w(-42).
-301
Let g(b) = -7679*b - 9583388. Calculate g(-1248).
4
Let n(b) = 118*b**2 + 2826*b - 145. Calculate n(-24).
-1
Let o(h) = 2*h**2 + 19*h - 12360. Give o(74).
-2
Let q(a) = 2*a**3 - 229*a**2 - 588*a - 333. What is q(117)?
-684
Let m(w) = w**3 - 81*w**2 - 4276*w + 287093. Determine m(94).
17
Let y(t) = 2*t**3 + 119*t**2 - 15*t + 2731. Determine y(-60).
31
Let c(q) = q**2 - 2013*q + 334900. Give c(183).
10
Let c(g) = 28787*g + 3771099. Give c(-131).
2
Let t(w) = 7*w**2 - 163*w + 93. Give t(5).
-547
Let d(y) = 108*y - 3806. Calculate d(38).
298
Let y(m) = 1873*m + 99143. Give y(-53).
-126
Let b(p) = p**3 + 137*p**2 + 4691*p - 119. What is b(-69)?
-50
Let g(u) = 29*u - 397. Determine g(27).
386
Let j(r) = -r**3 + 3*r**2 - 1917*r + 3834. What is j(2)?
4
Let w(o) = -139*o - 776. Determine w(-7).
197
Let m(t) = 53941*t + 863037. Determine m(-16).
-19
Let j(w) = w**3 - 17*w**2 - 26*w - 2. Give j(19).
226
Let b(k) = -7092*k - 404194. Determine b(-57).
50
Let i(y) = 117*y + 2201. Determine i(-23).
-490
Let j(w) = 1585*w + 106213. Determine j(-67).
18
Let r(l) = 2*l**3 - 180*l**2 - 219*l + 3345. Calculate r(91).
-22
Let n(y) = -53*y - 5187. What is n(-32)?
-3491
Let o(u) = 2*u**3 + 81*u**2 - 65*u + 460. Determine o(-41).
1444
Let o(l) = -3*l**3 - 14*l**2 + 5576*l + 38939. What is o(-7)?
250
Let k(l) = -4*l**2 + 300*l + 5444. Determine k(-19).
-1700
Let o(g) = g**2 - 1734*g + 651856. Determine o(551).
23
Let w(l) = -48223*l - 2555813. Calculate w(-53).
6
Let r(b) = 794985*b + 7154881. Give r(-9).
16
Let b(q) = q**3 - 77*q**2 + 3081*q - 255875. Calculate b(79).
6
Let j(p) = -2*p**3 - 21*p**2 - 1503*p - 10187. Calculate j(-7).
-9
Let f(p) = -p**2 + 30*p - 191. Determine f(-18).
-1055
Let w(v) = -2148*v - 6712. Give w(-3).
-268
Let k(s) = -4*s**2 + 555*s + 8073. What is k(150)?
1323
Let n(g) = -2*g**2 - 2488*g + 1511753. What is n(447)?
-1
Let r(u) = -4*u**2 + 1381*u + 4150. Determine r(-3).
-29
Let d(w) = 1624*w - 4859. Determine d(3).
13
Let p(z) = 29*z**2 + 186*z + 198. What is p(-9)?
873
Let o(j) = -2288*j + 64053. Give o(28).
-11
Let d(u) = 2*u**3 - 20*u**2 - 79*u + 404. Give d(12).
32
Let y(q) = 31*q**3 - 4*q**2 - 2*q - 5. Calculate y(-3).
-872
Let m(j) = 9*j**3 + 96*j**2 - 768*j + 6. What is m(-16)?
6
Let f(c) = 2*c**2 - 218*c + 211. Give f(108).
-5
Let h(c) = 2763*c - 80159. Determine h(29).
-32
Let a(d) = 12826*d + 320656. Determine a(-25).
6
Let h(j) = 4*j**3 + 66*j - 183. Calculate h(6).
1077
Let l(z) = 95*z - 339. What is l(13)?
896
Let w(f) = 537553*f + 22577216. Calculate w(-42).
-10
Let n(l) = 453*l**2 - 6347*l + 63. What is n(14)?
-7
Let u(j) = -3841*j + 145913. Give u(38).
-45
Let h(o) = o**3 + o**2 + o - 12. Calculate h(6).
246
Let r(z) = -50*z - 4351. Determine r(-99).
599
Let j(v) = v**3 + 95*v**2 - 214*v - 2105. What is j(-97)?
-165
Let f(w) = -14*w**3 + 136*w**2 - 4*w - 85. Determine f(9).
689
Let w(o) = -1369*o - 1485. Give w(-1).
-116
Let k(r) = -r**3 - 59*r**2 + 27*r - 2117. Give k(-60).
-137
Let h(j) = -2*j**3 + 26*j**2 - 42*j - 564. What is h(15)?
-2094
Let w(l) = 5*l**3 + 141*l**2 + 495*l - 21. Give w(-24).
195
Let i(n) = -n**3 - 311*n**2 + 5564*n - 3786. Determine i(-328).
150
Let v(d) = -48*d**2 - 627*d - 2054. Determine v(-7).
-17
Let a(y) = 8*y**3 + 1601*y**2 + 203*y + 585. Give a(-200).
-15
Let r(v) = v**2 + 1568*v - 60560. Calculate r(38).
468
Let v(l) = 188978*l - 31748308. Give v(168).
-4
Let r(d) = -7*d**2 - 495*d - 2572. Determine r(-65).
28
Let x(k) = k**2 + 5*k - 434. Determine x(12).
-230
Let k(g) = -253*g**2 + 7062*g + 588. What is k(28)?
-28
Let w(f) = -6*f**3 + 419*f**2 + 58*f + 356. Determine w(70).
-484
Let h(o) = -271*o**3 - 825*o**2 - 97*o - 283. What is h(-3)?
-100
Let a(z) = 138250*z + 691244. Determine a(-5).
-6
Let o(k) = -62*k**3 - 4*k**2 + 75*k - 225. Calculate o(3).
-1710
Let b(a) = a**3 + 10*a**2 - a + 500. Give b(0).
500
Let l(d) = -d**3 + 17*d**2 - 112*d + 1041. What is l(15)?
-189
Let l(x) = 2*x**2 + 577*x - 2035. Determine l(-292).
9
Let k(j) = j**3 + 13*j**2 - 59*j - 497. Determine k(-15).
-62
Let r(v) = -125002*v - 750255. What is r(-6)?
-243
Let h(t) = 500*t**2 + 101988*t - 2455. What is h(-204)?
-7
Let n(q) = -19*q**2 - 377*q + 2. Calculate n(-18).
632
Let n(d) = 50120*d - 2706510. Give n(54).
-30
Let j(d) = -d**3 - 12*d**2 + 30121*d + 361386. Determine j(-12).
-66
Let k(p) = 17*p**2 + 312*p - 337. Give k(-19).
-128
Let g(h) = -6*h**2 + 437*h - 3696. Give g(63).
21
Let m(h) = -4*h**3 - h**2 + 4*h + 14. Calculate m(-5).
469
Let o(z) = -9*z**3 - 2708*z**2 + 319*z + 5455. What is o(-301)?
37
Let y(t) = 101679*t + 39553127. What is y(-389)?
-4
Let f(j) = 66901*j + 401394. What is f(-6)?
-12
Let k(x) = 1276*x**2 - 15315*x + 16. What is k(12)?
-20
Let i(m) = -9*m**3 - 7*m**2 + 36*m - 1. Give i(5).
-1121
Let t(w) = -w**2 + 321*w + 14380. Calculate t(361).
-60
Let b(c) = 2312*c - 9688. Determine b(4).
-440
Let a(y) = -42*y**3 + 683*y**2 - 1336*y + 26. Determine a(14).
-58
Let l(r) = 52*r**3 - 610*r**2 - 131*r - 446. What is l(12)?
-2
Let q(t) = -t**3 - 8*t**2 + 469*t + 3306. Determine q(-7).
-26
Let o(r) = 5*r**3 - 36*r**2 - 95*r + 42. What is o(-4)?
-474
Let l(w) = 2*w**3 - 308*w**2 - 6584*w + 1763. Calculate l(173).
33
Let k(j) = -j**3 + 38*j**2 - 99*j + 301. What is k(35)?
511
Let p(u) = 113*u**2 + 108*u. Calculate p(3).
1341
Let f(t) = -5*t**2 - 2550*t - 236681. Determine f(-388).
-1
Let u(t) = 45*t**2 + 41842*t - 7438. What is u(-930)?
2
Let j(p) = -p**3 - 1630*p**2 + 4744*p - 253123. Determine j(-1633).
-8
Let j(q) = q**3 + 2*q**2 - 20462*q - 61395. Give j(-3).
-18
Let q(v) = 955*v + 2247. Calculate q(0).
2247
Let q(x) = 3*x**2 - 296*x + 2098. What is q(7)?
173
Let h(n) = -34*n**2 + 1916*n - 2377. What is h(55)?
153
Let z(y) = 5485*y - 148429. What is z(27)?
-334
Let q(d) = -3*d**2 - 242*d + 125. Give q(0).
125
Let u(n) = 5*n**3 + 29*n**2 - 284*n - 3. Determine u(-11).
-25
Let q(j) = 6*j**3 - 6*j**2 - 11*